{"id":60,"date":"2026-03-10T13:45:42","date_gmt":"2026-03-10T13:45:42","guid":{"rendered":"https:\/\/camposdeferias.com\/radiocastor\/home\/"},"modified":"2026-03-14T18:42:55","modified_gmt":"2026-03-14T18:42:55","slug":"home","status":"publish","type":"page","link":"https:\/\/camposdeferias.com\/radiocastor\/","title":{"rendered":"Home"},"content":{"rendered":"\n\n\nDescobre a magia da m\u00fasica e dos podcasts\nNa Radio Castor, oferecemos uma vasta sele\u00e7\u00e3o de m\u00fasicas e podcasts que acompanham cada momento do teu dia. Conecta-te com conte\u00fados que inspiram e divertem.\n\n\n\n\n\n\n\n\nAcompanha em qualquer lugar&#8230;\nA Radio Castor nasceu do amor pela m\u00fasica e pela comunica\u00e7\u00e3o. A nossa miss\u00e3o \u00e9 conectar pessoas atrav\u00e9s de experi\u00eancias sonoras \u00fanicas.\n\n\n<span style=\"color: #f1f1f1;\">Damos voz aos nossos ouvintes e promovemos suas hist\u00f3rias e experi\u00eancias.<\/span>\n\n\n\n\n<span style=\"color: #f1f1f1;\">Queremos criar la\u00e7os entre m\u00fasicos, ouvintes e a comunidade de podcasts.<\/span>\n\n\n\n\n\n\n\nOs Nossos Servi\u00e7os\n\n\n\n\n\n\n\n\n\n\n\n\n\n\n\n\n\n\n\n\n\n\n\n\n\n\nDepoimentos dos Nossos Ouvintes\n\n\nOu\u00e7a o que nossos ouvintes t\u00eam a dizer sobre suas experi\u00eancias com a Radio Castor.\n\n\n\n\n\n\n<span style=\"color: #010101; font-weight: 600; font-size: 25px;\">A Radio Castor \u00e9 a minha companheira de todas as horas! Perco-me na variedade de podcasts e m\u00fasicas.<\/span>\n\n\n\n\n\n\n<span style=\"color: #010101; font-weight: 600; font-size: 25px;\">Adoro a intera\u00e7\u00e3o com a r\u00e1dio e a personaliza\u00e7\u00e3o da sele\u00e7\u00e3o musical. \u00c9 sempre uma surpresa agrad\u00e1vel!\n<\/span>\n\n\n\n\n\n\n","protected":false},"excerpt":{"rendered":"","protected":false},"author":1,"featured_media":0,"parent":0,"menu_order":0,"comment_status":"closed","ping_status":"closed","template":"","meta":{"pagelayer_contact_templates":[],"_pagelayer_content":"","footnotes":""},"class_list":["post-60","page","type-page","status-publish","hentry"],"_links":{"self":[{"href":"https:\/\/camposdeferias.com\/radiocastor\/wp-json\/wp\/v2\/pages\/60","targetHints":{"allow":["GET"]}}],"collection":[{"href":"https:\/\/camposdeferias.com\/radiocastor\/wp-json\/wp\/v2\/pages"}],"about":[{"href":"https:\/\/camposdeferias.com\/radiocastor\/wp-json\/wp\/v2\/types\/page"}],"author":[{"embeddable":true,"href":"https:\/\/camposdeferias.com\/radiocastor\/wp-json\/wp\/v2\/users\/1"}],"replies":[{"embeddable":true,"href":"https:\/\/camposdeferias.com\/radiocastor\/wp-json\/wp\/v2\/comments?post=60"}],"version-history":[{"count":29,"href":"https:\/\/camposdeferias.com\/radiocastor\/wp-json\/wp\/v2\/pages\/60\/revisions"}],"predecessor-version":[{"id":147,"href":"https:\/\/camposdeferias.com\/radiocastor\/wp-json\/wp\/v2\/pages\/60\/revisions\/147"}],"wp:attachment":[{"href":"https:\/\/camposdeferias.com\/radiocastor\/wp-json\/wp\/v2\/media?parent=60"}],"curies":[{"name":"wp","href":"https:\/\/api.w.org\/{rel}","templated":true}]}}

Descobre a magia da música e dos podcasts
Na Radio Castor, oferecemos uma vasta seleção de músicas e podcasts que acompanham cada momento do teu dia. Conecta-te com conteúdos que inspiram e divertem.








Acompanha em qualquer lugar&#8230;
A Radio Castor nasceu do amor pela música e pela comunicação. A nossa missão é conectar pessoas através de experiências sonoras únicas.


<span style="color: #f1f1f1;">Damos voz aos nossos ouvintes e promovemos suas histórias e experiências.</span>




<span style="color: #f1f1f1;">Queremos criar laços entre músicos, ouvintes e a comunidade de podcasts.</span>







Os Nossos Serviços


























Depoimentos dos Nossos Ouvintes


Ouça o que nossos ouvintes têm a dizer sobre suas experiências com a Radio Castor.






<span style="color: #010101; font-weight: 600; font-size: 25px;">A Radio Castor é a minha companheira de todas as horas! Perco-me na variedade de podcasts e músicas.</span>






<span style="color: #010101; font-weight: 600; font-size: 25px;">Adoro a interação com a rádio e a personalização da seleção musical. É sempre uma surpresa agradável!
</span>
